{"id":110,"date":"2023-02-11T12:05:58","date_gmt":"2023-02-11T12:05:58","guid":{"rendered":"https:\/\/sv-deutsche-zwerghuehner.de\/?page_id=110"},"modified":"2026-01-30T16:13:50","modified_gmt":"2026-01-30T16:13:50","slug":"bayern","status":"publish","type":"page","link":"https:\/\/sv-deutsche-zwerghuehner.de\/?page_id=110","title":{"rendered":"Bayern"},"content":{"rendered":"\n<p>Der Bezirk Bayern l\u00e4dt in 2026 zur Hauptsonderschau nach Freising vom 30. Oktober bis 1. November  ein<\/p>\n\n\n\n<p class=\"has-text-align-center\"><strong>73 Deutsche Zwergh\u00fchner in acht Farbenschl\u00e4gen auf der Bezirksschau in Bayern 2024<\/strong><\/p>\n\n\n\n<figure class=\"wp-block-image size-large\"><img loading=\"lazy\" decoding=\"async\" width=\"721\" height=\"1024\" src=\"https:\/\/sv-deutsche-zwerghuehner.de\/wp-content\/uploads\/2024\/10\/Emma-Neidhardt-hv-01-gold-721x1024.jpg\" alt=\"\" class=\"wp-image-218\"\/><\/figure>\n\n\n\n<figure class=\"wp-block-gallery has-nested-images columns-default is-cropped wp-block-gallery-1 is-layout-flex wp-block-gallery-is-layout-flex\">\n<figure class=\"wp-block-image size-large\"><img loading=\"lazy\" decoding=\"async\" width=\"1024\" height=\"688\" data-id=\"217\" src=\"https:\/\/sv-deutsche-zwerghuehner.de\/wp-content\/uploads\/2024\/10\/Blausilber-1024x688.jpg\" alt=\"\" class=\"wp-image-217\" srcset=\"https:\/\/sv-deutsche-zwerghuehner.de\/wp-content\/uploads\/2024\/10\/Blausilber-1024x688.jpg 1024w, https:\/\/sv-deutsche-zwerghuehner.de\/wp-content\/uploads\/2024\/10\/Blausilber-300x202.jpg 300w, https:\/\/sv-deutsche-zwerghuehner.de\/wp-content\/uploads\/2024\/10\/Blausilber-768x516.jpg 768w, https:\/\/sv-deutsche-zwerghuehner.de\/wp-content\/uploads\/2024\/10\/Blausilber.jpg 1402w\" sizes=\"auto, (max-width: 1024px) 100vw, 1024px\" \/><\/figure>\n\n\n\n<figure class=\"wp-block-image size-large\"><img loading=\"lazy\" decoding=\"async\" width=\"1024\" height=\"733\" data-id=\"210\" src=\"https:\/\/sv-deutsche-zwerghuehner.de\/wp-content\/uploads\/2024\/10\/Gold-01-1024x733.jpg\" alt=\"\" class=\"wp-image-210\" srcset=\"https:\/\/sv-deutsche-zwerghuehner.de\/wp-content\/uploads\/2024\/10\/Gold-01-1024x733.jpg 1024w, https:\/\/sv-deutsche-zwerghuehner.de\/wp-content\/uploads\/2024\/10\/Gold-01-300x215.jpg 300w, https:\/\/sv-deutsche-zwerghuehner.de\/wp-content\/uploads\/2024\/10\/Gold-01-768x549.jpg 768w, https:\/\/sv-deutsche-zwerghuehner.de\/wp-content\/uploads\/2024\/10\/Gold-01.jpg 1135w\" sizes=\"auto, (max-width: 1024px) 100vw, 1024px\" \/><\/figure>\n\n\n\n<figure class=\"wp-block-image size-large\"><img loading=\"lazy\" decoding=\"async\" width=\"1024\" height=\"737\" data-id=\"213\" src=\"https:\/\/sv-deutsche-zwerghuehner.de\/wp-content\/uploads\/2024\/10\/Gold-10-1024x737.jpg\" alt=\"\" class=\"wp-image-213\" srcset=\"https:\/\/sv-deutsche-zwerghuehner.de\/wp-content\/uploads\/2024\/10\/Gold-10-1024x737.jpg 1024w, https:\/\/sv-deutsche-zwerghuehner.de\/wp-content\/uploads\/2024\/10\/Gold-10-300x216.jpg 300w, https:\/\/sv-deutsche-zwerghuehner.de\/wp-content\/uploads\/2024\/10\/Gold-10-768x553.jpg 768w, https:\/\/sv-deutsche-zwerghuehner.de\/wp-content\/uploads\/2024\/10\/Gold-10.jpg 1308w\" sizes=\"auto, (max-width: 1024px) 100vw, 1024px\" \/><\/figure>\n\n\n\n<figure class=\"wp-block-image size-large\"><img loading=\"lazy\" decoding=\"async\" width=\"1024\" height=\"768\" data-id=\"216\" src=\"https:\/\/sv-deutsche-zwerghuehner.de\/wp-content\/uploads\/2024\/10\/orangehalsig-01-1024x768.jpg\" alt=\"\" class=\"wp-image-216\" srcset=\"https:\/\/sv-deutsche-zwerghuehner.de\/wp-content\/uploads\/2024\/10\/orangehalsig-01-1024x768.jpg 1024w, https:\/\/sv-deutsche-zwerghuehner.de\/wp-content\/uploads\/2024\/10\/orangehalsig-01-300x225.jpg 300w, https:\/\/sv-deutsche-zwerghuehner.de\/wp-content\/uploads\/2024\/10\/orangehalsig-01-768x576.jpg 768w, https:\/\/sv-deutsche-zwerghuehner.de\/wp-content\/uploads\/2024\/10\/orangehalsig-01-120x90.jpg 120w, https:\/\/sv-deutsche-zwerghuehner.de\/wp-content\/uploads\/2024\/10\/orangehalsig-01.jpg 1157w\" sizes=\"auto, (max-width: 1024px) 100vw, 1024px\" \/><\/figure>\n\n\n\n<figure class=\"wp-block-image size-large\"><img loading=\"lazy\" decoding=\"async\" width=\"1024\" height=\"702\" data-id=\"215\" src=\"https:\/\/sv-deutsche-zwerghuehner.de\/wp-content\/uploads\/2024\/10\/orangehalsig-10-1-1024x702.jpg\" alt=\"\" class=\"wp-image-215\" srcset=\"https:\/\/sv-deutsche-zwerghuehner.de\/wp-content\/uploads\/2024\/10\/orangehalsig-10-1-1024x702.jpg 1024w, https:\/\/sv-deutsche-zwerghuehner.de\/wp-content\/uploads\/2024\/10\/orangehalsig-10-1-300x206.jpg 300w, https:\/\/sv-deutsche-zwerghuehner.de\/wp-content\/uploads\/2024\/10\/orangehalsig-10-1-768x526.jpg 768w, https:\/\/sv-deutsche-zwerghuehner.de\/wp-content\/uploads\/2024\/10\/orangehalsig-10-1.jpg 1291w\" sizes=\"auto, (max-width: 1024px) 100vw, 1024px\" \/><\/figure>\n\n\n\n<figure class=\"wp-block-image size-large\"><img loading=\"lazy\" decoding=\"async\" width=\"1024\" height=\"642\" data-id=\"211\" src=\"https:\/\/sv-deutsche-zwerghuehner.de\/wp-content\/uploads\/2024\/10\/Porzellan-1024x642.jpg\" alt=\"\" class=\"wp-image-211\" srcset=\"https:\/\/sv-deutsche-zwerghuehner.de\/wp-content\/uploads\/2024\/10\/Porzellan-1024x642.jpg 1024w, https:\/\/sv-deutsche-zwerghuehner.de\/wp-content\/uploads\/2024\/10\/Porzellan-300x188.jpg 300w, https:\/\/sv-deutsche-zwerghuehner.de\/wp-content\/uploads\/2024\/10\/Porzellan-768x481.jpg 768w, https:\/\/sv-deutsche-zwerghuehner.de\/wp-content\/uploads\/2024\/10\/Porzellan.jpg 1375w\" sizes=\"auto, (max-width: 1024px) 100vw, 1024px\" \/><\/figure>\n\n\n\n<figure class=\"wp-block-image size-large\"><img loading=\"lazy\" decoding=\"async\" width=\"1024\" height=\"675\" data-id=\"212\" src=\"https:\/\/sv-deutsche-zwerghuehner.de\/wp-content\/uploads\/2024\/10\/Schwarz-1-1024x675.jpg\" alt=\"\" class=\"wp-image-212\" srcset=\"https:\/\/sv-deutsche-zwerghuehner.de\/wp-content\/uploads\/2024\/10\/Schwarz-1-1024x675.jpg 1024w, https:\/\/sv-deutsche-zwerghuehner.de\/wp-content\/uploads\/2024\/10\/Schwarz-1-300x198.jpg 300w, https:\/\/sv-deutsche-zwerghuehner.de\/wp-content\/uploads\/2024\/10\/Schwarz-1-768x506.jpg 768w, https:\/\/sv-deutsche-zwerghuehner.de\/wp-content\/uploads\/2024\/10\/Schwarz-1.jpg 1210w\" sizes=\"auto, (max-width: 1024px) 100vw, 1024px\" \/><\/figure>\n\n\n\n<figure class=\"wp-block-image size-large\"><img loading=\"lazy\" decoding=\"async\" width=\"1024\" height=\"699\" data-id=\"214\" src=\"https:\/\/sv-deutsche-zwerghuehner.de\/wp-content\/uploads\/2024\/10\/Wild-10-1024x699.jpg\" alt=\"\" class=\"wp-image-214\" srcset=\"https:\/\/sv-deutsche-zwerghuehner.de\/wp-content\/uploads\/2024\/10\/Wild-10-1024x699.jpg 1024w, https:\/\/sv-deutsche-zwerghuehner.de\/wp-content\/uploads\/2024\/10\/Wild-10-300x205.jpg 300w, https:\/\/sv-deutsche-zwerghuehner.de\/wp-content\/uploads\/2024\/10\/Wild-10-768x525.jpg 768w, https:\/\/sv-deutsche-zwerghuehner.de\/wp-content\/uploads\/2024\/10\/Wild-10.jpg 1379w\" sizes=\"auto, (max-width: 1024px) 100vw, 1024px\" \/><\/figure>\n<\/figure>\n","protected":false},"excerpt":{"rendered":"<p>Der Bezirk Bayern l\u00e4dt in 2026 zur Hauptsonderschau nach Freising vom 30. Oktober bis 1. November ein 73 Deutsche Zwergh\u00fchner in acht Farbenschl\u00e4gen auf der Bezirksschau in Bayern 2024<\/p>\n","protected":false},"author":1,"featured_media":0,"parent":0,"menu_order":0,"comment_status":"closed","ping_status":"closed","template":"","meta":{"footnotes":""},"class_list":["post-110","page","type-page","status-publish","hentry"],"_links":{"self":[{"href":"https:\/\/sv-deutsche-zwerghuehner.de\/index.php?rest_route=\/wp\/v2\/pages\/110","targetHints":{"allow":["GET"]}}],"collection":[{"href":"https:\/\/sv-deutsche-zwerghuehner.de\/index.php?rest_route=\/wp\/v2\/pages"}],"about":[{"href":"https:\/\/sv-deutsche-zwerghuehner.de\/index.php?rest_route=\/wp\/v2\/types\/page"}],"author":[{"embeddable":true,"href":"https:\/\/sv-deutsche-zwerghuehner.de\/index.php?rest_route=\/wp\/v2\/users\/1"}],"replies":[{"embeddable":true,"href":"https:\/\/sv-deutsche-zwerghuehner.de\/index.php?rest_route=%2Fwp%2Fv2%2Fcomments&post=110"}],"version-history":[{"count":4,"href":"https:\/\/sv-deutsche-zwerghuehner.de\/index.php?rest_route=\/wp\/v2\/pages\/110\/revisions"}],"predecessor-version":[{"id":292,"href":"https:\/\/sv-deutsche-zwerghuehner.de\/index.php?rest_route=\/wp\/v2\/pages\/110\/revisions\/292"}],"wp:attachment":[{"href":"https:\/\/sv-deutsche-zwerghuehner.de\/index.php?rest_route=%2Fwp%2Fv2%2Fmedia&parent=110"}],"curies":[{"name":"wp","href":"https:\/\/api.w.org\/{rel}","templated":true}]}}