{"id":46,"date":"2023-01-21T10:32:39","date_gmt":"2023-01-21T10:32:39","guid":{"rendered":"https:\/\/sv-deutsche-zwerghuehner.de\/?page_id=46"},"modified":"2023-02-08T12:39:12","modified_gmt":"2023-02-08T12:39:12","slug":"standard","status":"publish","type":"page","link":"https:\/\/sv-deutsche-zwerghuehner.de\/?page_id=46","title":{"rendered":"Standard"},"content":{"rendered":"<p style=\"text-align: center;\">Der Standard des Deutschen Zwerghuhns<\/p>\n<p style=\"text-align: center;\">Herkunft:<\/p>\n<p style=\"text-align: center;\">Deutschland. Aus rasselosen Landzwergh\u00fchnern erz\u00fcchtet und 1917 erstmalig ausgestellt.<br \/>\nGesamteindruck:<\/p>\n<p style=\"text-align: center;\">Gewandtes, anmutiges und lebhaftes Zwerghuhn mit schlanker, feinliniger Walzenform und gut anliegenden Fl\u00fcgeln. Der Schwanz des Hahnes lang, mit reichlichen breiten Sicheln, die nicht den Boden ber\u00fchren.<\/p>\n<p style=\"text-align: center;\">\nRassemerkmale Hahn:<\/p>\n<p style=\"text-align: center;\">Rumpf: walzenf\u00f6rmig mit flie\u00dfenden Linien, gut doppelt so lang wie hoch; fast waagerecht getragen<br \/>\nHals: gut mittellang; leicht gebogen; mit vollem, langen Behang<br \/>\nR\u00fccken: lang; gerade; ohne jeden Absatz in die leicht ansteigende Schwanzlinie \u00fcbergehend.<br \/>\nSchultern: nicht hervortretend; vom Halsbehang verdeckt.<br \/>\nFl\u00fcgel: fest anliegend getragen; nicht \u00fcber den K\u00f6rper hinausragend.<br \/>\nSattel: voll; ohne Absatz in die R\u00fccken-Schwanz-Linie eingebunden.<br \/>\nSchwanz: lang; reichlich befiedert; mit fein gebogenen, breiten Haupt- und vielen Nebensicheln die sich zum Ende verj\u00fcngen; leicht angehoben getragen; die Sicheln ber\u00fchren nicht den Boden.<br \/>\nBrust: gut gerundet; leicht vorgew\u00f6lbt; etwas angehoben getragen.<br \/>\nBauch: voll.<br \/>\nKopf: klein; gew\u00f6lbt; kurz.<br \/>\nGesicht: rot; fein im Gewebe; federfrei.<br \/>\nKamm: einfach; klein; fein in Gewebe; regelm\u00e4\u00dfig gezackt, freistehende Kammfahne.<br \/>\nKehllappen: klein; l\u00e4nglichrund.<br \/>\nOhrscheiben: wei\u00df; glatt; herzf\u00f6rmig.<br \/>\nAugen: leuchtend dunkelrot<br \/>\nSchnabel: kurz; leicht gehoben; dunkel-hornfarbig<br \/>\nSchenkel: kaum mittellang; etwas sichtbar.<br \/>\nL\u00e4ufe: mittellang; feinknochig; graublau.<br \/>\nZehen: mittellang; feingliedrig; gut gespreizt.<br \/>\nGefieder: fest anliegend.<\/p>\n<p style=\"text-align: center;\">\nRassemerkmale Henne:<\/p>\n<p style=\"text-align: center;\">Dem Hahn entsprechend bis auf die geschlechtsbedingten Unterschiede. Kleiner Stehkamm. Die oberen Schwanzdeckfedern d\u00fcrfen die Steuerfedern nicht wesentlich \u00fcberragen.<br \/>\nGrobe Fehler Rassemerkmale:<\/p>\n<p style=\"text-align: center;\">Schmaler, plumper oder kurzer Rumpf; flache Brust; spitzer Bauch; zu hohlrunde R\u00fcckenlinie; H\u00e4ngefl\u00fcgel; steil getragener oder schleppender Schwanz; zu lange L\u00e4ufe; Rot in den Ohrscheiben bei Jungtieren; seitlich umliegende Kammfahne; raue oder weiche Federstruktur.<br \/>\nGewicht: Hahn ca. 750g, Henne ca. 600g<br \/>\nBruteier-Mindestgewicht: 30g<br \/>\nSchalenfarbe der Eier: wei\u00df bis creme-farbig<br \/>\nRinggr\u00f6\u00dfen: Hahn 13, Henne 11<\/p>\n","protected":false},"excerpt":{"rendered":"<p>Der Standard des Deutschen Zwerghuhns Herkunft: Deutschland. Aus rasselosen Landzwergh\u00fchnern erz\u00fcchtet und 1917 erstmalig ausgestellt. Gesamteindruck: Gewandtes, anmutiges und lebhaftes Zwerghuhn mit schlanker, feinliniger Walzenform und gut anliegenden Fl\u00fcgeln. Der Schwanz des Hahnes lang, mit reichlichen breiten Sicheln, die nicht den Boden ber\u00fchren. Rassemerkmale Hahn: Rumpf: walzenf\u00f6rmig mit flie\u00dfenden Linien, gut doppelt so lang wie&hellip;<\/p>\n","protected":false},"author":1,"featured_media":0,"parent":0,"menu_order":0,"comment_status":"closed","ping_status":"closed","template":"","meta":{"footnotes":""},"class_list":["post-46","page","type-page","status-publish","hentry"],"_links":{"self":[{"href":"https:\/\/sv-deutsche-zwerghuehner.de\/index.php?rest_route=\/wp\/v2\/pages\/46","targetHints":{"allow":["GET"]}}],"collection":[{"href":"https:\/\/sv-deutsche-zwerghuehner.de\/index.php?rest_route=\/wp\/v2\/pages"}],"about":[{"href":"https:\/\/sv-deutsche-zwerghuehner.de\/index.php?rest_route=\/wp\/v2\/types\/page"}],"author":[{"embeddable":true,"href":"https:\/\/sv-deutsche-zwerghuehner.de\/index.php?rest_route=\/wp\/v2\/users\/1"}],"replies":[{"embeddable":true,"href":"https:\/\/sv-deutsche-zwerghuehner.de\/index.php?rest_route=%2Fwp%2Fv2%2Fcomments&post=46"}],"version-history":[{"count":2,"href":"https:\/\/sv-deutsche-zwerghuehner.de\/index.php?rest_route=\/wp\/v2\/pages\/46\/revisions"}],"predecessor-version":[{"id":91,"href":"https:\/\/sv-deutsche-zwerghuehner.de\/index.php?rest_route=\/wp\/v2\/pages\/46\/revisions\/91"}],"wp:attachment":[{"href":"https:\/\/sv-deutsche-zwerghuehner.de\/index.php?rest_route=%2Fwp%2Fv2%2Fmedia&parent=46"}],"curies":[{"name":"wp","href":"https:\/\/api.w.org\/{rel}","templated":true}]}}